{"id":67,"date":"2025-09-23T22:49:59","date_gmt":"2025-09-23T22:49:59","guid":{"rendered":"https:\/\/sitiomemoriacolon636.cl\/?page_id=67"},"modified":"2025-09-23T22:57:30","modified_gmt":"2025-09-23T22:57:30","slug":"sitio-colon636-cl-recurso-con-gestion-de-mujer","status":"publish","type":"page","link":"https:\/\/sitiomemoriacolon636.cl\/?page_id=67","title":{"rendered":"Sitio colon636.cl"},"content":{"rendered":"\n<p>El sitio web <a href=\"http:\/\/www.colon636.cl\">www.colon636.cl<\/a> es un trabajo ejecutado bajo la gesti\u00f3n de la Agrupaci\u00f3n de Mujeres Prisioneras Pol\u00edticas de Magallanes a\u00f1os 73-74. Se levantan all\u00ed testimonios de ni\u00f1as que fueron detenidas y torturadas en el edificio ubicado en la Avenida Col\u00f3n 636 y que fue asumido como centro de tortura por las agencias de inteligencia de las Fuerzas Armadas de Chile en 1973.<\/p>\n\n\n\n<p>Con la participaci\u00f3n de expertos en el tema, se llev\u00f3 a cabo un levantamiento planim\u00e9trico en 3D y audiovisual del recorrido de una mujer, en estado de prisionera, por ese centro de tortura ubicado en pleno centro de Punta Arenas.<\/p>\n\n\n\n<p>Las y los invitamos a visitar, a mirar, a leer, a escuchar, a recorrer y experimentar este sitio creado para educar y hacer reflexionar, desde una perspectiva de mujer, lo que fue esta abherraci\u00f3n cometida por militares en nuestro pa\u00eds.<\/p>\n\n\n\n<p>Gracias.<\/p>\n\n\n\n<p><a href=\"http:\/\/www.colon636.cl\">www.colon636.cl<\/a><\/p>\n\n\n\n<p><\/p>\n","protected":false},"excerpt":{"rendered":"<p>El sitio web www.colon636.cl es un trabajo ejecutado bajo la gesti\u00f3n de la Agrupaci\u00f3n de Mujeres Prisioneras Pol\u00edticas de Magallanes a\u00f1os 73-74. Se levantan all\u00ed testimonios de ni\u00f1as que fueron detenidas y torturadas en el edificio ubicado en la Avenida Col\u00f3n 636 y que fue asumido como centro de tortura por las agencias de inteligencia [&hellip;]<\/p>\n","protected":false},"author":1,"featured_media":68,"parent":0,"menu_order":0,"comment_status":"closed","ping_status":"closed","template":"","meta":{"footnotes":""},"class_list":["post-67","page","type-page","status-publish","has-post-thumbnail","hentry"],"_links":{"self":[{"href":"https:\/\/sitiomemoriacolon636.cl\/index.php?rest_route=\/wp\/v2\/pages\/67","targetHints":{"allow":["GET"]}}],"collection":[{"href":"https:\/\/sitiomemoriacolon636.cl\/index.php?rest_route=\/wp\/v2\/pages"}],"about":[{"href":"https:\/\/sitiomemoriacolon636.cl\/index.php?rest_route=\/wp\/v2\/types\/page"}],"author":[{"embeddable":true,"href":"https:\/\/sitiomemoriacolon636.cl\/index.php?rest_route=\/wp\/v2\/users\/1"}],"replies":[{"embeddable":true,"href":"https:\/\/sitiomemoriacolon636.cl\/index.php?rest_route=%2Fwp%2Fv2%2Fcomments&post=67"}],"version-history":[{"count":5,"href":"https:\/\/sitiomemoriacolon636.cl\/index.php?rest_route=\/wp\/v2\/pages\/67\/revisions"}],"predecessor-version":[{"id":73,"href":"https:\/\/sitiomemoriacolon636.cl\/index.php?rest_route=\/wp\/v2\/pages\/67\/revisions\/73"}],"wp:featuredmedia":[{"embeddable":true,"href":"https:\/\/sitiomemoriacolon636.cl\/index.php?rest_route=\/wp\/v2\/media\/68"}],"wp:attachment":[{"href":"https:\/\/sitiomemoriacolon636.cl\/index.php?rest_route=%2Fwp%2Fv2%2Fmedia&parent=67"}],"curies":[{"name":"wp","href":"https:\/\/api.w.org\/{rel}","templated":true}]}}