{"id":20,"date":"2025-07-08T00:35:50","date_gmt":"2025-07-08T00:35:50","guid":{"rendered":"https:\/\/sitiomemoriacolon636.cl\/?page_id=20"},"modified":"2025-07-14T21:03:45","modified_gmt":"2025-07-14T21:03:45","slug":"documentos","status":"publish","type":"page","link":"https:\/\/sitiomemoriacolon636.cl\/?page_id=20","title":{"rendered":"Documentos"},"content":{"rendered":"\n<p>En esta secci\u00f3n publicamos documentos relacionados con nuestro trabajo.<\/p>\n\n\n<ul>\n<li> <a href=\"https:\/\/sitiomemoriacolon636.cl\/wp-content\/uploads\/2025\/07\/Corporacion-Sitio-de-Memoria-Colon-636-Estatutos-Final-20-05-2025.pdf\">Estatutos de la Corporaci\u00f3n Sitio de Memoria Col\u00f3n 636<\/a> 20\/05\/2025.\n<\/ul>\n\n\n<p><\/p>\n\n\n\n<p><\/p>\n","protected":false},"excerpt":{"rendered":"<p>En esta secci\u00f3n publicamos documentos relacionados con nuestro trabajo. Estatutos de la Corporaci\u00f3n Sitio de Memoria Col\u00f3n 636 20\/05\/2025.<\/p>\n","protected":false},"author":1,"featured_media":0,"parent":0,"menu_order":0,"comment_status":"closed","ping_status":"closed","template":"","meta":{"footnotes":""},"class_list":["post-20","page","type-page","status-publish","hentry"],"_links":{"self":[{"href":"https:\/\/sitiomemoriacolon636.cl\/index.php?rest_route=\/wp\/v2\/pages\/20","targetHints":{"allow":["GET"]}}],"collection":[{"href":"https:\/\/sitiomemoriacolon636.cl\/index.php?rest_route=\/wp\/v2\/pages"}],"about":[{"href":"https:\/\/sitiomemoriacolon636.cl\/index.php?rest_route=\/wp\/v2\/types\/page"}],"author":[{"embeddable":true,"href":"https:\/\/sitiomemoriacolon636.cl\/index.php?rest_route=\/wp\/v2\/users\/1"}],"replies":[{"embeddable":true,"href":"https:\/\/sitiomemoriacolon636.cl\/index.php?rest_route=%2Fwp%2Fv2%2Fcomments&post=20"}],"version-history":[{"count":4,"href":"https:\/\/sitiomemoriacolon636.cl\/index.php?rest_route=\/wp\/v2\/pages\/20\/revisions"}],"predecessor-version":[{"id":56,"href":"https:\/\/sitiomemoriacolon636.cl\/index.php?rest_route=\/wp\/v2\/pages\/20\/revisions\/56"}],"wp:attachment":[{"href":"https:\/\/sitiomemoriacolon636.cl\/index.php?rest_route=%2Fwp%2Fv2%2Fmedia&parent=20"}],"curies":[{"name":"wp","href":"https:\/\/api.w.org\/{rel}","templated":true}]}}